m(l) = l**3 + 8*l**2 + 2*l - 10. Let q be m(-7). Suppose 0 = -4*a - a + q. What is the units digit of a?
5
Let f = -3 + 8. Let j = f - 1. Suppose 0 = 2*b - j*t - 9 - 17, -2*t = -3*b + 23. What is the units digit of b?
5
Let w(i) = -2*i + 11. Let y be w(9). What is the units digit of 36/21 - 2/y?
2
Let a = 1 - -13. What is the units digit of a?
4
Suppose 5*l - 14 = 11. Suppose 55 = l*m - 40. What is the tens digit of m?
1
What is the units digit of (-3)/5 + 116/10?
1
Let w = -226 - -405. What is the tens digit of w?
7
Let l(t) = 2*t**3 - 4*t**2 + 2*t + 1. Suppose 3*f = f - 2. Let g = f - -3. What is the units digit of l(g)?
5
Let c(p) = 49*p**2 + p. What is the tens digit of c(-1)?
4
Let p(c) = -c**3 + 11*c**2 + 14*c - 3. Suppose -w + i = -4 - 3, -5*w = -2*i - 50. What is the tens digit of p(w)?
2
Let y(v) = -v**3 - 2*v**2 - v - 1. What is the tens digit of y(-3)?
1
Let s = 5 - 7. What is the units digit of (8 - 6/(-3)) + s?
8
Let m(s) = s**2 + 6*s + 6. Let y be m(-6). Suppose -2*t + y = -3*t. What is the units digit of 4*(-3)/(1*t)?
2
Let n = 7 - 7. What is the tens digit of (-15 - n/(-1))/(-1)?
1
Let u be 3/((-1)/(2/(-3))). What is the units digit of (5/1)/1 + u?
7
Let o be 31 + 1*(1 - -2). Let u = o - 16. What is the units digit of u?
8
Let r be (-25)/1*6/(-10). Suppose 0*q + r = q. What is the tens digit of q?
1
Let l(o) = o + 5. Let d be l(-4). Suppose -g + d = -1. What is the units digit of g?
2
Suppose -3*q - 10 = -6*l + 2*l, -2*q = 2*l - 12. Suppose -5*w - 2*z + q = -3*w, -2*z = 8. Let g = 15 - w. What is the units digit of g?
0
What is the tens digit of 819/49 - (-2)/7?
1
Let b(j) = -3*j**3 + 2*j**2 + 4*j + 2. Let v be b(-2). Let q = v - 16. Let c = 16 - q. What is the units digit of c?
6
Let k(v) be the third derivative of v**5/12 + v**4/24 - v**2. What is the units digit of k(-1)?
4
Let h be (-11 - -3) + -3 + 1. Let p(b) be the third derivative of b**4/24 + 13*b**3/6 + 5*b**2. What is the units digit of p(h)?
3
Let c(m) = m + 2. Let p be c(-2). Let b = p + 4. Suppose f = b*f - 18. What is the units digit of f?
6
What is the units digit of 6/((-24)/(-820)) + 5?
0
Let t be (-2)/(-3) + 20/15. Let z = t + 9. What is the units digit of z?
1
What is the units digit of 3/(-18) + 1605/18?
9
Suppose -2*z = 3*z. Suppose 0 = d - 4 - 1, 5*l = d + 20. Suppose z = l*c - 4 - 1. What is the units digit of c?
1
Suppose 3*x - 620 = -2*l, 0*l + 3 = 3*l. What is the units digit of x?
6
Let k = 1 + 2. Suppose k*q - 5*p - 116 = -q, -5*q = 2*p - 145. What is the units digit of q?
9
Let s = -8 - -16. Suppose u = -3*u + s. What is the units digit of u?
2
Let o be 2/(-2) + 2 - 17. What is the units digit of -3*o/(-6)*-2?
6
Let t(d) = d - 8. Let w be t(6). Let q(m) = -m**3 + 4*m**2 + 2*m - 2. What is the units digit of q(w)?
8
Let x be -1 + -16 + 1 + -2. Let f = 33 + x. Suppose a + 4*a - 29 = -n, -3*a = 3*n - f. What is the units digit of a?
6
Suppose -4*z + 322 = 2*v, 0 = -5*z + 3*z - 8. What is the tens digit of v?
6
Suppose -5*h + 5*i = 15, -5*h - 2*i + 20 = -0*i. Suppose 0 = 2*u - h. What is the units digit of u?
1
What is the tens digit of 2/(-5) - (-2272)/80?
2
Suppose -3*f - 3*j + 7*j = -329, 3*j - 422 = -4*f. What is the units digit of f?
7
Suppose 0 = 2*v - 3*v + 10. What is the units digit of v?
0
Let v = -33 - -71. What is the units digit of v?
8
Let n = 23 - 15. What is the units digit of n?
8
Suppose 5*q - 10*q = -160. What is the tens digit of q?
3
Let v = -2 - 0. Let r = v - 4. Let f(b) = -b**3 - 5*b**2 + 6*b + 3. What is the units digit of f(r)?
3
Suppose 4*f = 5*a + 125, -2*f + 2*a = 18 - 82. Suppose 9*l = 4*l + f. What is the units digit of l?
7
Let d = 6 - 9. What is the units digit of 1/d - 16/(-3)?
5
Suppose -4*w - 6 = -w. What is the units digit of (-21)/(-9) + w/6?
2
Suppose 0 = -3*g - 42 + 69. What is the units digit of g?
9
Let w = -116 - -180. What is the tens digit of w?
6
Let s be 7/(-3)*36/(-1). Suppose 3*k = -4*a + s, -k + 4*a = -5 - 7. What is the units digit of k?
4
Suppose 0 = 4*k + 2*w + 3*w - 25, -4*k = -5*w - 15. Let n be (8/k)/((-2)/(-5)). Suppose 4*t - 31 = -o, n*t = -3*o - o + 16. What is the units digit of t?
9
Let g be 3 + (2 + -1)/1. Suppose 0 = 4*c + 3*o - 17, -5*c + g = 5*o - 16. Suppose -3*a - i = -14 - 21, c*a - 4*i - 30 = 0. What is the units digit of a?
0
Suppose 8 = -u + 5*u. Suppose -3*t = u*t. Suppose -2*c + 7*c - 10 = t. What is the units digit of c?
2
Let m = 59 - 34. What is the units digit of m?
5
Suppose -j + 2 = -0*j. Suppose -11 = -d - j. What is the units digit of (-1)/(-2)*(d + 5)?
7
Let i(d) = d**2 + 3*d - 7. What is the tens digit of i(-7)?
2
Let m be -3*((-5 - 0) + 4). Let f = 6 + -3. Suppose 0*g - 13 = -5*v + f*g, 3*g + m = 3*v. What is the units digit of v?
5
Let w(c) = 56*c**2 + 1. What is the units digit of w(-1)?
7
Let a(d) = -d**2 - d + 2. Let f be a(-4). Let m = 14 - f. Let u = m + -10. What is the units digit of u?
4
Suppose 4*d = -16, 4*c + 5*d - 35 = -c. Let j = -9 + c. What is the units digit of j?
2
Let n = 7 + -14. Let s be 2/14*-24*n. What is the units digit of s/10 - (-4)/(-10)?
2
Let s(m) = -m. Let h be s(-11). Let y = h - 7. Let b(l) = l**2 - 3*l - 1. What is the units digit of b(y)?
3
Suppose 0 = -2*a - 0*a + 60. Suppose 0 = -5*q - 5*h + 125, -3*h + 73 = 4*q - a. What is the tens digit of q?
2
Suppose 0 = 3*o - 12 - 6. Suppose o*p = 3*p + 27. What is the units digit of p?
9
Suppose 0 = 3*s - 4*g - 185, 3*s + 5*g - 213 = 2*g. What is the units digit of s?
7
Let s(z) = -z**3 + 87. What is the units digit of s(0)?
7
Let q(x) = x**2 - 14. Suppose 2*i = -5*s + 2, -5*i - 2*s = -s - 28. What is the units digit of q(i)?
2
Let z(p) = -3*p**3 + 2*p**2 + p. Let o be -4*(-3)/(-12)*3. Let m = o + 2. What is the units digit of z(m)?
4
Let q = 5 + -1. Let d = -1 + q. Suppose -2*c = -4*f - 8, 5*c - 3*c + d*f = 1. What is the units digit of c?
2
Let o(j) be the second derivative of 3*j**4/4 + j**3/6 + j**2 + j. Let s be o(-2). What is the units digit of ((-10)/3)/((-8)/s)?
5
Let m = 9 + 4. What is the units digit of m?
3
What is the units digit of (8/(-21) - 4/14)*-72?
8
Let t(d) = -d**3 + 7*d**2 + 2*d - 7. Let q = 14 - 7. What is the units digit of t(q)?
7
Let x(o) = 10*o**3 - o**2. Let n(p) = -p + 7. Let q be n(6). What is the units digit of x(q)?
9
Suppose 0 = -3*i + 5*c - 4*c + 172, -4*c - 275 = -5*i. What is the tens digit of i?
5
Let o = -8 - -14. Suppose -i - 4*u - 2 = o, 5*i - u - 2 = 0. Suppose -4*y + i + 36 = 0. What is the units digit of y?
9
Let z(a) be the first derivative of a**4/4 + a**3/3 + 34*a + 5. What is the tens digit of z(0)?
3
Suppose -2*k - 6 = k, k = 4*p + 10. What is the tens digit of p - 1/((-2)/52)?
2
Let w(x) = 26*x. Let r be w(1). Let y be (-2 - -1) + (r - -3). Let v = -15 + y. What is the tens digit of v?
1
Let c(d) be the second derivative of 19*d**3/6 - d**2/2 + d. Suppose -k + 3*s + s = 15, 12 = 3*s. What is the tens digit of c(k)?
1
What is the tens digit of 6/(-2 - -5) - -18?
2
Suppose l - 3 = -3*y + 3*l, -2*y = -5*l + 9. Suppose -y*v + 2*i + i + 18 = 0, 4*v + i + 1 = 0. What is the units digit of v?
1
Let o(n) be the third derivative of -n**6/120 - n**5/6 - 2*n**2. Let d be o(-10). Suppose 3*k = -d*k + 51. What is the units digit of k?
7
Let b be (-1)/(-2)*-6 - -4. Let p be (6*(b - 0))/(-1). Let a = p + 7. What is the units digit of a?
1
Let r(b) = -b**2 - 2*b + 2. Let h be r(-2). Let v(m) = m**2 - 2*m + 1. Let c be v(3). Suppose 12 = h*d - c. What is the units digit of d?
8
Let t be (-2)/(-5) - 154/35. Let i be t/(-14) + 232/(-28). What is the units digit of 1/4 - 30/i?
4
Let p = 7 + -3. Suppose p*d + 2*v = 74, v + 3*v = -d + 36. Suppose -d - 20 = -4*q. What is the units digit of q?
9
Let n(y) be the first derivative of -y**4/4 + 11*y**3/3 - 3*y**2 - 8*y - 2. What is the tens digit of n(10)?
3
Let a(t) = t**2 - 8*t - 5. Let c(n) = -6*n**2 + 41*n + 25. Let s(q) = 11*a(q) + 2*c(q). Let j be s(-4). Suppose -j*k + 20 + 43 = 0. What is the tens digit of k?
2
Let x(a) = -17*a + 63. What is the units digit of x(-18)?
9
Let s = 26 + -5. What is the units digit of s?
1
Suppose -2*n - 4*a = -12, n - 2*a - 1 = a. Let o(j) = 0 - 4*j + j**2 + 5 + 0*j. What is the units digit of o(n)?
5
Let h(b) = b**3 + 7*b**2 + 6*b + 1. Let c be h(-6). What is the tens digit of 38 - 